?
1
What is the units digit of 6606?
6
What is the units digit of 668100?
0
What is the ten thousands digit of 2736176?
3
What is the hundred thousands digit of 3289241?
2
What is the units digit of 3341165?
5
What is the hundred thousands digit of 1357817?
3
What is the tens digit of 490767?
6
What is the tens digit of 4455798?
9
What is the hundreds digit of 682816?
8
What is the tens digit of 6587111?
1
What is the thousands digit of 11667518?
7
What is the hundred thousands digit of 7134807?
1
What is the ten thousands digit of 1972303?
7
What is the ten thousands digit of 7498258?
9
What is the millions digit of 7992516?
7
What is the hundred thousands digit of 15901269?
9
What is the ten thousands digit of 1173546?
7
What is the tens digit of 30777573?
7
What is the thousands digit of 703488?
3
What is the units digit of 13780052?
2
What is the hundred thousands digit of 786136?
7
What is the ten thousands digit of 881450?
8
What is the tens digit of 2028691?
9
What is the units digit of 296991?
1
What is the thousands digit of 31154560?
4
What is the units digit of 7568392?
2
What is the thousands digit of 28007?
8
What is the thousands digit of 865604?
5
What is the tens digit of 643353?
5
What is the hundreds digit of 1044349?
3
What is the tens digit of 1144300?
0
What is the hundreds digit of 2461967?
9
What is the hundred thousands digit of 11666540?
6
What is the thousands digit of 3522734?
2
What is the millions digit of 3703130?
3
What is the units digit of 222714?
4
What is the millions digit of 7869383?
7
What is the hundred thousands digit of 1045794?
0
What is the units digit of 1377878?
8
What is the hundred thousands digit of 445415?
4
What is the ten thousands digit of 19580535?
8
What is the ten millions digit of 10007759?
1
What is the hundred thousands digit of 1466690?
4
What is the thousands digit of 446979?
6
What is the millions digit of 1281876?
1
What is the tens digit of 9486?
8
What is the hundreds digit of 9481056?
0
What is the hundred thousands digit of 339108?
3
What is the thousands digit of 1634173?
4
What is the thousands digit of 12820325?
0
What is the hundred thousands digit of 341110?
3
What is the tens digit of 637169?
6
What is the thousands digit of 978886?
8
What is the ten thousands digit of 2180812?
8
What is the hundred thousands digit of 323239?
3
What is the units digit of 2331788?
8
What is the hundred thousands digit of 297255?
2
What is the millions digit of 3543945?
3
What is the thousands digit of 801315?
1
What is the thousands digit of 10881354?
1
What is the ten thousands digit of 649063?
4
What is the units digit of 2489102?
2
What is the ten millions digit of 10672117?
1
What is the ten millions digit of 16986327?
1
What is the hundred thousands digit of 17860575?
8
What is the hundred thousands digit of 3021522?
0
What is the hundreds digit of 57500?
5
What is the units digit of 19710877?
7
What is the hundred thousands digit of 212521?
2
What is the tens digit of 11770?
7
What is the hundreds digit of 15910160?
1
What is the tens digit of 10655255?
5
What is the hundred thousands digit of 353586?
3
What is the hundreds digit of 147291?
2
What is the hundred thousands digit of 2109932?
1
What is the hundreds digit of 2073416?
4
What is the tens digit of 1040155?
5
What is the hundreds digit of 91752?
7
What is the hundreds digit of 5392714?
7
What is the hundred thousands digit of 1465827?
4
What is the thousands digit of 310211?
0
What is the tens digit of 2082963?
6
What is the hundreds digit of 2424173?
1
What is the hundreds digit of 1131348?
3
What is the ten thousands digit of 179974?
7
What is the hundred thousands digit of 1970388?
9
What is the tens digit of 60470?
7
What is the hundreds digit of 45000?
0
What is the thousands digit of 125853?
5
What is the tens digit of 10182?
8
What is the hundred thousands digit of 203651?
2
What is the units digit of 181767?
7
What is the hundred thousands digit of 3036686?
0
What is the tens digit of 5441235?
3
What is the tens digit of 9356494?
9
What is the hundreds digit of 375877?
8
What is the thousands digit of 376954?
6
What is the tens digit of 274647?
4
What is the hundreds digit of 295145?
1
What is the thousands digit of 146772?
6
What is the thousands digit of 22082794?
2
What is the units digit of 7784324?
4
What is the hundreds digit of 1132650?
6
What is the thousands digit of 11839490?
9
What is the ten thousands digit of 624238?
2
What is the tens digit of 141801?
0
What is the tens digit of 1353213?
1
What is the tens digit of 1257445?
4
What is the hundreds digit of 2147630?
6
What is the ten thousands digit of 50704?
5
What is the thousands digit of 301612?
1
What is the millions digit of 1031708?
1
What is the units digit of 406967?
7
What is the hundreds digit of 3498530?
5
What is the ten thousands digit of 22538551?
3
What is the tens digit of 2389580?
8
What is the hundreds digit of 514657?
6
What is the units digit of 197630?
0
What is the ten thousands digit of 13364753?
6
What is the hundreds digit of 1359794?
7
What is the units digit of 3757123?
3
What is the tens digit of 24709895?
9
What is the tens digit of 6860307?
0
What is the thousands digit of 6769007?
9
What is the tens digit of 898696?
9
What is the units digit of 374616?
6
What is the hundred thousands digit of 31553133?
5
What is the hundred thousands digit of 336287?
3
What is the ten millions digit of 24661718?
2
What is the ten thousands digit of 20499754?
9
What is the hundred thousands digit of 222033?
2
What is the hundred thousands digit of 669748?
6
What is the thousands digit of 16451?
6
What is the tens digit of 611490?
9
What is the ten thousands digit of 7033195?
3
What is the units digit of 177077?
7
What is the hundreds digit of 1856940?
9
What is the thousands digit of 1300208?
0
What is the tens digit of 220474?
7
What is the thousands digit of 225205?
5
What is the hundreds digit of 2388391?
3
What is the tens digit of 2529915?
1
What is the hundred thousands digit of 1076949?
0
What is the units digit of 4332594?
4
What is the tens digit of 486709?
0
What is the tens digit of 8477624?
2
What is the hundred thousands digit of 1644423?
6
What is the ten thousands digit of 193573?
9
What is the millions digit of 1033329?
1
What is the hundred thousands digit of 164803?
1
What is the hundred thousands digit of 522082?
5
What is the tens digit of 112789?
8
What is the thousands digit of 1070025?
0
What is the millions digit of 1610485?
1
What is the units digit of 11240898?
8
What is the hundreds digit of 967274?
2
What is the thousands digit of 1125903?
5
What is the ten millions digit of 19334861?
1
What is the thousands digit of 243665?
3
What is the hundreds digit of 19465060?
0
What is the tens digit of 1499690?
9
What is the units digit of 5137718?
8
What is the thousands digit of 557883?
7
What is the tens digit of 108064?
6
What is the units digit of 449845?
5
What is the tens digit of 430558?
5
What is the thousands digit of 1188403?
8
What is the thousands digit of 24292293?
2
What is the units digit of 38595?
5
What is the tens digit of 407843?
4
What is the ten thousands digit of 6639524?
3
What is the hundreds digit of 479172?
1
What is the units digit of 27914?
4
What is the hundreds digit of 5667043?
0
What is the tens digit of 53843?
4
What is the tens digit of 15623390?
9
What is the ten thousands digit of 485067?
8
What is the hundreds digit of 906511?
5
What is the tens digit of 2532794?
9
What is the tens digit of 95106?
0
What is the hundreds digit of 141222?
2
What is the thousands digit of 797247?
7
What is the tens digit of 157967?
6
What is the hundred thousands digit of 12429639?
4
What is the units digit of 563615?
5
What is the tens digit of 1116795?
9
What is the tens digit of 4997202?
0
What is the units digit of 1332217?
7
What is the ten thousands digit of 2854581?
5
What is the tens digit of 326841?
4
What is the tens digit of 143382?
8
What is the thousands digit of 6911893?
1
What is the hundreds digit of 472117?
1
What is the hundreds digit of 84957?
9
What is the hundred thousands digit of 11334036?
3
What is the ten thousands digit of 1482393?
8
What is the millions digit of 3802610?
3
W